) to base 12.
b455
-100406 (base 7) to base 11
-11863
Convert -7006 (base 9) to base 11.
-3925
5150 (base 16) to base 9
31488
Convert 517 (base 16) to base 5.
20203
-20504 (base 9) to base 8
-32333
What is 181b (base 13) in base 10?
3573
Convert -65 (base 15) to base 14.
-6b
What is 41 (base 12) in base 8?
61
Convert 34a (base 11) to base 8.
641
231 (base 14) to base 5
3220
-2d08 (base 16) to base 10
-11528
-110001010010000 (base 2) to base 12
-12728
10438 (base 9) to base 4
1230020
-b0d (base 16) to base 14
-1061
What is 3137 (base 11) in base 3?
12200212
37074 (base 8) to base 9
23762
-b57 (base 15) to base 11
-1a15
What is 3143 (base 7) in base 14?
593
-22408 (base 9) to base 5
-434122
Convert -c9 (base 14) to base 9.
-216
Convert 256 (base 7) to base 15.
94
What is -212011 (base 3) in base 15?
-2ba
Convert -31560 (base 8) to base 12.
-7754
What is -1311 (base 6) in base 15?
-171
What is -1326 (base 8) in base 7?
-2055
-87b4 (base 13) to base 11
-13228
What is -203312 (base 5) in base 14?
-2631
231032 (base 5) to base 8
20113
What is -365 (base 8) in base 11?
-203
What is 8100 (base 9) in base 6?
43213
What is -12 (base 6) in base 4?
-20
Convert -1619 (base 16) to base 5.
-140112
Convert 4974 (base 10) to base 5.
124344
What is -4229 (base 10) in base 15?
-13be
What is 2023301 (base 4) in base 13?
40c1
What is -5b82 (base 16) in base 8?
-55602
What is 1457 (base 15) in base 5?
114412
Convert -151b (base 16) to base 15.
-1903
Convert -5328 (base 11) to base 8.
-15610
-4198 (base 15) to base 8
-33054
Convert 653 (base 9) to base 11.
446
Convert 1010210 (base 3) to base 16.
33f
Convert 5902 (base 15) to base 3.
221221002
What is 1532 (base 6) in base 11?
349
What is 13122 (base 4) in base 3?
122120
-57207 (base 9) to base 15
-b437
Convert -6d7 (base 16) to base 4.
-123113
-1451 (base 6) to base 16
-187
Convert 1400 (base 10) to base 7.
4040
Convert -101145 (base 6) to base 10.
-8057
Convert -350 (base 16) to base 10.
-848
Convert 1611 (base 7) to base 14.
341
-3996 (base 13) to base 5
-230420
Convert -100100110010 (base 2) to base 5.
-33404
Convert -1011 (base 7) to base 12.
-253
Convert 1512 (base 9) to base 12.
7b5
Convert 75c (base 13) to base 11.
a46
4221 (base 6) to base 15
434
-3869 (base 14) to base 15
-2de8
164 (base 9) to base 7
256
-3505 (base 8) to base 3
-2112221
What is -376 (base 10) in base 12?
-274
667 (base 11) to base 5
11144
-1540 (base 12) to base 6
-15320
6994 (base 14) to base 15
568d
Convert -19e (base 15) to base 5.
-2444
Convert dc4 (base 14) to base 12.
16a8
3150 (base 7) to base 13
678
Convert -1202 (base 5) to base 14.
-c9
What is 451 (base 7) in base 11?
1a1
Convert 38115 (base 9) to base 14.
9494
Convert 351 (base 9) to base 10.
289
What is 408 (base 10) in base 7?
1122
d96 (base 15) to base 14
1190
Convert 1ab4 (base 14) to base 3.
20200002
1110110111100100 (base 2) to base 3
10002112120
Convert 2202101 (base 3) to base 8.
3730
370d (base 16) to base 7
56042
284 (base 9) to base 10
238
112614 (base 7) to base 9
30633
What is -450d (base 16) in base 15?
-5387
What is 17b81 (base 13) in base 5?
2432104
Convert -2442 (base 7) to base 12.
-640
-10241 (base 5) to base 11
-583
Convert 13313 (base 4) to base 15.
238
1022200101 (base 3) to base 4
12112123
Convert -10001110000110 (base 2) to base 16.
-2386
1021010 (base 4) to base 13
2189
Convert 100000001011 (base 2) to base 6.
13311
Convert -759 (base 15) to base 13.
-9a8
What is 20112220 (base 3) in base 13?
2235
Convert 16359 (base 10) to base 13.
75a5
What is -2219 (base 12) in base 7?
-13656
16662 (base 8) to base 3
101102120
41541 (base 6) to base 8
12745
13a86 (base 11) to base 2
100110111100010
What is -32321 (base 4) in base 8?
-1671
Convert eec (base 15) to base 11.
2596
Convert 32639 (base 10) to base 4.
13331333
c232 (base 13) to base 15
7dcd
-1904 (base 10) to base 3
-2121112
Convert 11010011010 (base 2) to base 12.
b8a
Convert 301 (base 6) to base 11.
9a
What is 3ca (base 16) in base 4?
33022
What is 170 (base 12) in base 16?
e4
-304041 (base 5) to base 6
-113452
387 (base 9) to base 15
167
207b8 (base 12) to base 3
2011110112
Convert 20 (base 13) to base 2.
11010
-417 (base 10) to base 3
-120110
What is -6549 (base 11) in base 14?
-3216
Convert -692 (base 13) to base 14.
-5ad
26a5 (base 12) to base 16
115d
Convert -10101000 (base 3) to base 14.
-c77
-16650 (base 7) to base 11
-3663
497 (base 13) to base 8
1440
-3003320 (base 4) to base 8
-30370
Convert -4600 (base 7) to base 16.
-682
-628 (base 9) to base 10
-512
-1e7 (base 15) to base 11
-372
-1773 (base 12) to base 2
-101100000111
What is -92ac (base 13) in base 4?
-10330131
Convert -311 (base 9) to base 11.
-210
What is 4483 (base 9) in base 8?
6363
Convert -3002221 (base 4) to base 7.
-51214
What is 856 (base 9) in base 8?
1273
Convert -b00 (base 15) to base 2.
-100110101011
What is -332 (base 15) in base 16?
-2d2
What is -3bc (base 16) in base 15?
-43b
What is -2a2 (base 16) in base 7?
-1652
211030 (base 4) to base 13
1111
2533 (base 6) to base 9
773
-239f (base 16) to base 10
-9119
What is -167c (base 15) in base 14?
-1a9c
Convert -1121 (base 7) to base 3.
-120002
What is acc3 (base 13) in base 7?
130300
Convert 21b2 (base 15) to base 7.
26552
What is -18d (base 14) in base 3?
-102220
What is 301 (base 8) in base 2?
11000001
11002 (base 5) to base 15
352
Convert -131001 (base 4) to base 5.
-24412
Convert 10001110100000 (base 2) to base 5.
242440
-1001000111 (base 2) to base 14
-2d9
11304 (base 5) to base 3
1010201
-13303 (base 6) to base 14
-a6b
Convert -1003 (base 8) to base 12.
-36b
Convert -20034 (base 5) to base 10.
-1269
What is 21303021 (base 4) in base 14?
108ad
Convert -31132 (base 5) to base 15.
-912
-11000110000 (base 2) to base 5
-22314
Convert 23110312 (base 4) to base 9.
70564
Convert -40104 (base 6) to base 14.
-1c92
Convert -22231302 (base 4) to base 11.
-2aa80
What is 2104 (base 11) in base 8?
5343
Convert 425623 (base 7) to base 12.
36a34
356e (base 15) to base 12
66a2
What is 134 (base 14) in base 8?
362
Convert -667 (base 13) to base 2.
-10001001011
1954 (base 10) to base 8
3642
Convert -1011011111 (base 2) to base 8.
-1337
Convert -1068 (base 14) to base 13.
-13a2
What is 2010000 (base 3) in base 10?
1539
What is -413a (base 16) in base 10?
-16698
Convert 397 (base 16) to base 13.
559
4320 (base 11) to base 15
1a59
What is 431444 (base 5) in base 9?
22048
430 (base 11) to base 6
2221
What is -15423 (base 6) in base 3?
-10110220
Convert -215 (base 7) to base 3.
-11002
What is -200423 (base 8) in base 3?
-10100021110
What is -4321 (base 7) in base 11?
-1175
Convert 14025 (base 10) to base 5.
422100
What is 182f (base 16) in base 15?
1c7b
Convert -28d (base 14) to base 12.
-371
-110157 (base 9) to base 3
-10100011221
Convert 3215 (base 6) to base 3.
1000002
What is 11187 (base 12) in base 13?
a450
-1162 (base 11) to base 10
-1520
-1596 (base 13) to base 16
-c5d
Convert -11031001 (base 4) to base 3.
-1002020101
Convert d02 (base 15) to base 9.
4012
Convert 1412312 (base 5) to base 10.
29082
-144 (base 16) to base 9
-400
What is 149a (base 12) in base 15?
ab7
-2091 (base 12) to base 9
-4801
-1100100010 (base 2) to base 4
-30202
Convert 487 (base 16) to base 11.
964
141 (base 9) to base 2
1110110
What is -1312 (base 5) in base 6?
-543
Convert 1116 (base 13) to base 7.
6645
What is -7239 (base 11) in base 2?
-10010110000001
93a (base 14) to base 10
1816
189 (base 15) to base 8
542
What is 2331 (base 4) in base 12?
139
-631 (base 7) to base 11
-268
2c4 (base 16) to base 3
222020
Convert 1111 (base 5) to base 8.
234
384 (base 10) to base 4
12000
What is 6356 (base 12) in base 11?
8189
-232141 (base 6) to base 9
-30307
-1452 (base 9) to base 7
-3131
What is 77884 (base 10) in base 2?
10011000000111100
What is 2555 (base 6) in base 3?
212222
56100 (base 7) to base 6
145200
-7027 (base 8) to base 7
-13342
What is 100202222 (base 3) in base 12?
415b
-336 (base 10) to base 14
-1a0
Convert 11154 (base 6) to base 8.
3056
a6a4 (base 12) to base 11
127a8
4506 (base 9) to base 3
11120020
What is 137846 (base 9) in base 13?
2c61c
-3c8c (base 14) to base 7
-43135
Convert 1a0 (base 11) to base 4.
3213
Convert -29ca (base 13) to base 14.
-2305
Convert 328 (base 14) to base 10.
624
-12c1 (base 14) t